{"id":5,"date":"2016-09-08T16:30:27","date_gmt":"2016-09-08T16:30:27","guid":{"rendered":"http:\/\/temps-lies.ch\/?page_id=5"},"modified":"2021-02-11T18:33:01","modified_gmt":"2021-02-11T18:33:01","slug":"accueil","status":"publish","type":"page","link":"https:\/\/temps-lies.ch\/","title":{"rendered":"Accueil"},"content":{"rendered":"<p style=\"text-align: left;\">L\u2019Association de danse Temps Li\u00e9s (ATL) a pour but de d\u00e9velopper l\u2019id\u00e9al de la danse classique et contemporaine dans le canton du Jura, Suisse. Ses activit\u00e9s, d\u00e9velopp\u00e9es principalement dans un cadre r\u00e9gional, ont \u00e9galement une ouverture internationale.<\/p>\n<p><img loading=\"lazy\" decoding=\"async\" class=\"size-medium wp-image-440 aligncenter\" src=\"http:\/\/temps-lies.ch\/wp-content\/uploads\/2021\/02\/moderne-300x197.jpg\" alt=\"\" width=\"300\" height=\"197\" srcset=\"https:\/\/temps-lies.ch\/wp-content\/uploads\/2021\/02\/moderne-300x197.jpg 300w, https:\/\/temps-lies.ch\/wp-content\/uploads\/2021\/02\/moderne-768x505.jpg 768w, https:\/\/temps-lies.ch\/wp-content\/uploads\/2021\/02\/moderne-1024x673.jpg 1024w, https:\/\/temps-lies.ch\/wp-content\/uploads\/2021\/02\/moderne-457x300.jpg 457w\" sizes=\"auto, (max-width: 300px) 100vw, 300px\" \/><\/p>\n<p><span style=\"font-size: 11px;\">\u00a9 2010 temps-li\u00e9s.ch<\/span><\/p>\n","protected":false},"excerpt":{"rendered":"<p>L\u2019Association de danse Temps Li\u00e9s (ATL) a pour but de d\u00e9velopper l\u2019id\u00e9al de la danse classique et contemporaine dans le canton du Jura, Suisse. Ses activit\u00e9s, d\u00e9velopp\u00e9es principalement dans un cadre r\u00e9gional, ont \u00e9galement une ouverture internationale. \u00a9 2010 temps-li\u00e9s.ch<\/p>\n","protected":false},"author":2,"featured_media":0,"parent":0,"menu_order":0,"comment_status":"closed","ping_status":"closed","template":"sidebar-page.php","meta":{"footnotes":""},"class_list":["post-5","page","type-page","status-publish","hentry"],"_links":{"self":[{"href":"https:\/\/temps-lies.ch\/index.php?rest_route=\/wp\/v2\/pages\/5","targetHints":{"allow":["GET"]}}],"collection":[{"href":"https:\/\/temps-lies.ch\/index.php?rest_route=\/wp\/v2\/pages"}],"about":[{"href":"https:\/\/temps-lies.ch\/index.php?rest_route=\/wp\/v2\/types\/page"}],"author":[{"embeddable":true,"href":"https:\/\/temps-lies.ch\/index.php?rest_route=\/wp\/v2\/users\/2"}],"replies":[{"embeddable":true,"href":"https:\/\/temps-lies.ch\/index.php?rest_route=%2Fwp%2Fv2%2Fcomments&post=5"}],"version-history":[{"count":16,"href":"https:\/\/temps-lies.ch\/index.php?rest_route=\/wp\/v2\/pages\/5\/revisions"}],"predecessor-version":[{"id":448,"href":"https:\/\/temps-lies.ch\/index.php?rest_route=\/wp\/v2\/pages\/5\/revisions\/448"}],"wp:attachment":[{"href":"https:\/\/temps-lies.ch\/index.php?rest_route=%2Fwp%2Fv2%2Fmedia&parent=5"}],"curies":[{"name":"wp","href":"https:\/\/api.w.org\/{rel}","templated":true}]}}

<p style="text-align: left;">L’Association de danse Temps Liés (ATL) a pour but de développer l’idéal de la danse classique et contemporaine dans le canton du Jura, Suisse. Ses activités, développées principalement dans un cadre régional, ont également une ouverture internationale.</p>
<p><img loading="lazy" decoding="async" class="size-medium wp-image-440 aligncenter" src="http://temps-lies.ch/wp-content/uploads/2021/02/moderne-300x197.jpg" alt="" width="300" height="197" srcset="https://temps-lies.ch/wp-content/uploads/2021/02/moderne-300x197.jpg 300w, https://temps-lies.ch/wp-content/uploads/2021/02/moderne-768x505.jpg 768w, https://temps-lies.ch/wp-content/uploads/2021/02/moderne-1024x673.jpg 1024w, https://temps-lies.ch/wp-content/uploads/2021/02/moderne-457x300.jpg 457w" sizes="auto, (max-width: 300px) 100vw, 300px" /></p>
<p><span style="font-size: 11px;">© 2010 temps-liés.ch</span></p>

<p>L’Association de danse Temps Liés (ATL) a pour but de développer l’idéal de la danse classique et contemporaine dans le canton du Jura, Suisse. Ses activités, développées principalement dans un cadre régional, ont également une ouverture internationale. © 2010 temps-liés.ch</p>
