{"id":39,"date":"2016-09-08T17:08:07","date_gmt":"2016-09-08T17:08:07","guid":{"rendered":"http:\/\/temps-lies.ch\/?page_id=39"},"modified":"2021-02-11T18:41:05","modified_gmt":"2021-02-11T18:41:05","slug":"comite","status":"publish","type":"page","link":"https:\/\/temps-lies.ch\/?page_id=39","title":{"rendered":"Comit\u00e9"},"content":{"rendered":"<p>Le comit\u00e9 est compos\u00e9 de sept membres. Ils sont charg\u00e9s de r\u00e9gler les affaires courantes et de pr\u00e9parer l\u2019assembl\u00e9e g\u00e9n\u00e9rale.<\/p>\n<p><img loading=\"lazy\" decoding=\"async\" class=\"size-medium wp-image-434 aligncenter\" src=\"http:\/\/temps-lies.ch\/wp-content\/uploads\/2021\/02\/Comit\u00e9-2020-300x225.jpg\" alt=\"\" width=\"300\" height=\"225\" srcset=\"https:\/\/temps-lies.ch\/wp-content\/uploads\/2021\/02\/Comit\u00e9-2020-300x225.jpg 300w, https:\/\/temps-lies.ch\/wp-content\/uploads\/2021\/02\/Comit\u00e9-2020-768x576.jpg 768w, https:\/\/temps-lies.ch\/wp-content\/uploads\/2021\/02\/Comit\u00e9-2020-1024x768.jpg 1024w, https:\/\/temps-lies.ch\/wp-content\/uploads\/2021\/02\/Comit\u00e9-2020-400x300.jpg 400w\" sizes=\"auto, (max-width: 300px) 100vw, 300px\" \/><\/p>\n<p style=\"text-align: center;\">Luce Bertaiola Monnerat (pr\u00e9sidente) ;\u00a0 In\u00e8s Meury Bertaiola ;\u00a0Sarah Buompane (caissi\u00e8re) ; Elise Unternaehrer (secr\u00e9taire) ; Nina Hassani ; Aurelia Di Biase ; Jeanne Brischoux<\/p>\n<p>&nbsp;<\/p>\n<p>&nbsp;<\/p>\n<p>&nbsp;<\/p>\n","protected":false},"excerpt":{"rendered":"<p>Le comit\u00e9 est compos\u00e9 de sept membres. Ils sont charg\u00e9s de r\u00e9gler les affaires courantes et de pr\u00e9parer l\u2019assembl\u00e9e g\u00e9n\u00e9rale. Luce Bertaiola Monnerat (pr\u00e9sidente) ;\u00a0 In\u00e8s Meury Bertaiola ;\u00a0Sarah Buompane (caissi\u00e8re) ; Elise Unternaehrer (secr\u00e9taire) ; Nina Hassani ; Aurelia &hellip; <a href=\"https:\/\/temps-lies.ch\/?page_id=39\">Continuer la lecture <span class=\"meta-nav\">&rarr;<\/span><\/a><\/p>\n","protected":false},"author":2,"featured_media":0,"parent":8,"menu_order":0,"comment_status":"closed","ping_status":"closed","template":"","meta":{"footnotes":""},"class_list":["post-39","page","type-page","status-publish","hentry"],"_links":{"self":[{"href":"https:\/\/temps-lies.ch\/index.php?rest_route=\/wp\/v2\/pages\/39","targetHints":{"allow":["GET"]}}],"collection":[{"href":"https:\/\/temps-lies.ch\/index.php?rest_route=\/wp\/v2\/pages"}],"about":[{"href":"https:\/\/temps-lies.ch\/index.php?rest_route=\/wp\/v2\/types\/page"}],"author":[{"embeddable":true,"href":"https:\/\/temps-lies.ch\/index.php?rest_route=\/wp\/v2\/users\/2"}],"replies":[{"embeddable":true,"href":"https:\/\/temps-lies.ch\/index.php?rest_route=%2Fwp%2Fv2%2Fcomments&post=39"}],"version-history":[{"count":27,"href":"https:\/\/temps-lies.ch\/index.php?rest_route=\/wp\/v2\/pages\/39\/revisions"}],"predecessor-version":[{"id":457,"href":"https:\/\/temps-lies.ch\/index.php?rest_route=\/wp\/v2\/pages\/39\/revisions\/457"}],"up":[{"embeddable":true,"href":"https:\/\/temps-lies.ch\/index.php?rest_route=\/wp\/v2\/pages\/8"}],"wp:attachment":[{"href":"https:\/\/temps-lies.ch\/index.php?rest_route=%2Fwp%2Fv2%2Fmedia&parent=39"}],"curies":[{"name":"wp","href":"https:\/\/api.w.org\/{rel}","templated":true}]}}

Comité

<p>Le comité est composé de sept membres. Ils sont chargés de régler les affaires courantes et de préparer l’assemblée générale.</p>
<p><img loading="lazy" decoding="async" class="size-medium wp-image-434 aligncenter" src="http://temps-lies.ch/wp-content/uploads/2021/02/Comité-2020-300x225.jpg" alt="" width="300" height="225" srcset="https://temps-lies.ch/wp-content/uploads/2021/02/Comité-2020-300x225.jpg 300w, https://temps-lies.ch/wp-content/uploads/2021/02/Comité-2020-768x576.jpg 768w, https://temps-lies.ch/wp-content/uploads/2021/02/Comité-2020-1024x768.jpg 1024w, https://temps-lies.ch/wp-content/uploads/2021/02/Comité-2020-400x300.jpg 400w" sizes="auto, (max-width: 300px) 100vw, 300px" /></p>
<p style="text-align: center;">Luce Bertaiola Monnerat (présidente) ;  Inès Meury Bertaiola ; Sarah Buompane (caissière) ; Elise Unternaehrer (secrétaire) ; Nina Hassani ; Aurelia Di Biase ; Jeanne Brischoux</p>
<p>&nbsp;</p>
<p>&nbsp;</p>
<p>&nbsp;</p>

<p>Le comité est composé de sept membres. Ils sont chargés de régler les affaires courantes et de préparer l’assemblée générale. Luce Bertaiola Monnerat (présidente) ;  Inès Meury Bertaiola ; Sarah Buompane (caissière) ; Elise Unternaehrer (secrétaire) ; Nina Hassani ; Aurelia &hellip; <a href="https://temps-lies.ch/?page_id=39">Continuer la lecture <span class="meta-nav">&rarr;</span></a></p>
