{"id":37,"date":"2016-09-08T17:07:29","date_gmt":"2016-09-08T17:07:29","guid":{"rendered":"http:\/\/temps-lies.ch\/?page_id=37"},"modified":"2021-02-11T18:22:48","modified_gmt":"2021-02-11T18:22:48","slug":"assemblee-generale","status":"publish","type":"page","link":"https:\/\/temps-lies.ch\/?page_id=37","title":{"rendered":"Assembl\u00e9e g\u00e9n\u00e9rale"},"content":{"rendered":"<p style=\"text-align: justify;\">L\u2019assembl\u00e9e g\u00e9n\u00e9rale est le pouvoir supr\u00eame. Compos\u00e9e par tous les membres de l\u2019association, elle est convoqu\u00e9e par le comit\u00e9 en principe une fois dans l&#8217;ann\u00e9e. Les d\u00e9cisions sont prises \u00e0 la majorit\u00e9 des votes exprim\u00e9s.<\/p>\n<p style=\"text-align: justify;\"><img loading=\"lazy\" decoding=\"async\" class=\"size-medium wp-image-446 aligncenter\" src=\"http:\/\/temps-lies.ch\/wp-content\/uploads\/2021\/02\/SOD-185-300x200.jpg\" alt=\"\" width=\"300\" height=\"200\" srcset=\"https:\/\/temps-lies.ch\/wp-content\/uploads\/2021\/02\/SOD-185-300x200.jpg 300w, https:\/\/temps-lies.ch\/wp-content\/uploads\/2021\/02\/SOD-185-768x511.jpg 768w, https:\/\/temps-lies.ch\/wp-content\/uploads\/2021\/02\/SOD-185-451x300.jpg 451w, https:\/\/temps-lies.ch\/wp-content\/uploads\/2021\/02\/SOD-185.jpg 800w\" sizes=\"auto, (max-width: 300px) 100vw, 300px\" \/><\/p>\n","protected":false},"excerpt":{"rendered":"<p>L\u2019assembl\u00e9e g\u00e9n\u00e9rale est le pouvoir supr\u00eame. Compos\u00e9e par tous les membres de l\u2019association, elle est convoqu\u00e9e par le comit\u00e9 en principe une fois dans l&#8217;ann\u00e9e. Les d\u00e9cisions sont prises \u00e0 la majorit\u00e9 des votes exprim\u00e9s.<\/p>\n","protected":false},"author":2,"featured_media":0,"parent":8,"menu_order":0,"comment_status":"closed","ping_status":"closed","template":"","meta":{"footnotes":""},"class_list":["post-37","page","type-page","status-publish","hentry"],"_links":{"self":[{"href":"https:\/\/temps-lies.ch\/index.php?rest_route=\/wp\/v2\/pages\/37","targetHints":{"allow":["GET"]}}],"collection":[{"href":"https:\/\/temps-lies.ch\/index.php?rest_route=\/wp\/v2\/pages"}],"about":[{"href":"https:\/\/temps-lies.ch\/index.php?rest_route=\/wp\/v2\/types\/page"}],"author":[{"embeddable":true,"href":"https:\/\/temps-lies.ch\/index.php?rest_route=\/wp\/v2\/users\/2"}],"replies":[{"embeddable":true,"href":"https:\/\/temps-lies.ch\/index.php?rest_route=%2Fwp%2Fv2%2Fcomments&post=37"}],"version-history":[{"count":4,"href":"https:\/\/temps-lies.ch\/index.php?rest_route=\/wp\/v2\/pages\/37\/revisions"}],"predecessor-version":[{"id":454,"href":"https:\/\/temps-lies.ch\/index.php?rest_route=\/wp\/v2\/pages\/37\/revisions\/454"}],"up":[{"embeddable":true,"href":"https:\/\/temps-lies.ch\/index.php?rest_route=\/wp\/v2\/pages\/8"}],"wp:attachment":[{"href":"https:\/\/temps-lies.ch\/index.php?rest_route=%2Fwp%2Fv2%2Fmedia&parent=37"}],"curies":[{"name":"wp","href":"https:\/\/api.w.org\/{rel}","templated":true}]}}

Assemblée générale

<p style="text-align: justify;">L’assemblée générale est le pouvoir suprême. Composée par tous les membres de l’association, elle est convoquée par le comité en principe une fois dans l&#8217;année. Les décisions sont prises à la majorité des votes exprimés.</p>
<p style="text-align: justify;"><img loading="lazy" decoding="async" class="size-medium wp-image-446 aligncenter" src="http://temps-lies.ch/wp-content/uploads/2021/02/SOD-185-300x200.jpg" alt="" width="300" height="200" srcset="https://temps-lies.ch/wp-content/uploads/2021/02/SOD-185-300x200.jpg 300w, https://temps-lies.ch/wp-content/uploads/2021/02/SOD-185-768x511.jpg 768w, https://temps-lies.ch/wp-content/uploads/2021/02/SOD-185-451x300.jpg 451w, https://temps-lies.ch/wp-content/uploads/2021/02/SOD-185.jpg 800w" sizes="auto, (max-width: 300px) 100vw, 300px" /></p>

<p>L’assemblée générale est le pouvoir suprême. Composée par tous les membres de l’association, elle est convoquée par le comité en principe une fois dans l&#8217;année. Les décisions sont prises à la majorité des votes exprimés.</p>
