{"id":100,"date":"2016-10-18T09:34:40","date_gmt":"2016-10-18T09:34:40","guid":{"rendered":"http:\/\/temps-lies.ch\/?page_id=100"},"modified":"2021-02-11T18:11:16","modified_gmt":"2021-02-11T18:11:16","slug":"activites","status":"publish","type":"page","link":"https:\/\/temps-lies.ch\/?page_id=100","title":{"rendered":"Activit\u00e9s"},"content":{"rendered":"<p><img loading=\"lazy\" decoding=\"async\" class=\"size-medium wp-image-443 aligncenter\" src=\"http:\/\/temps-lies.ch\/wp-content\/uploads\/2021\/02\/CR2-16-300x200.jpg\" alt=\"\" width=\"300\" height=\"200\" srcset=\"https:\/\/temps-lies.ch\/wp-content\/uploads\/2021\/02\/CR2-16-300x200.jpg 300w, https:\/\/temps-lies.ch\/wp-content\/uploads\/2021\/02\/CR2-16-768x513.jpg 768w, https:\/\/temps-lies.ch\/wp-content\/uploads\/2021\/02\/CR2-16-1024x683.jpg 1024w, https:\/\/temps-lies.ch\/wp-content\/uploads\/2021\/02\/CR2-16-449x300.jpg 449w, https:\/\/temps-lies.ch\/wp-content\/uploads\/2021\/02\/CR2-16.jpg 1654w\" sizes=\"auto, (max-width: 300px) 100vw, 300px\" \/><\/p>\n<p style=\"text-align: center;\"><span style=\"font-size: 14px;\">Soutenir et aider les jeunes danseuses et danseurs en formation<\/span>.<\/p>\n<p style=\"text-align: center;\"><span style=\"font-size: 14px;\">Soutenir la Compagnie Temps Li\u00e9s, ballet-junior in\u00e9dit dans le Jura r\u00e9unissant les jeunes talents de l\u2019Ecole de danse In\u00e8s Meury Bertaiola (EDIMB)<\/span>.<\/p>\n<p style=\"text-align: center;\"><span style=\"font-size: 14px;\">Offrir aux danseurs et danseuses de la Compagnie Temps Li\u00e9s la possibilit\u00e9 de se confronter \u00e0 la sc\u00e8ne durant leur formation par le biais de spectacles, concours, et autres manifestations.<\/span><\/p>\n<p style=\"text-align: center;\"><span style=\"font-size: 14px;\">Soutenir la r\u00e9alisation et la mise sur pied de spectacles cr\u00e9\u00e9s par l\u2019EDIMB.<\/span><\/p>\n<p style=\"text-align: center;\"><span style=\"font-size: 14px;\">Favoriser, soutenir et organiser des manifestations et autres activit\u00e9s li\u00e9es \u00e0 la danse dans le Canton du Jura.<\/span><\/p>\n<p style=\"text-align: center;\"><span style=\"font-size: 14px;\">Offrir chaque ann\u00e9e des stages intensifs de danse classique, moderne et hip-hop.<\/span><\/p>\n<p style=\"text-align: center;\"><span style=\"font-size: 14px;\">Proposer des cours de renforcement musculaire, de nutrition et de massage dans un souci de pr\u00e9vention et de promotion de la sant\u00e9 des danseurs<\/span>.<\/p>\n","protected":false},"excerpt":{"rendered":"<p>Soutenir et aider les jeunes danseuses et danseurs en formation. Soutenir la Compagnie Temps Li\u00e9s, ballet-junior in\u00e9dit dans le Jura r\u00e9unissant les jeunes talents de l\u2019Ecole de danse In\u00e8s Meury Bertaiola (EDIMB). Offrir aux danseurs et danseuses de la Compagnie &hellip; <a href=\"https:\/\/temps-lies.ch\/?page_id=100\">Continuer la lecture <span class=\"meta-nav\">&rarr;<\/span><\/a><\/p>\n","protected":false},"author":2,"featured_media":0,"parent":0,"menu_order":0,"comment_status":"closed","ping_status":"closed","template":"","meta":{"footnotes":""},"class_list":["post-100","page","type-page","status-publish","hentry"],"_links":{"self":[{"href":"https:\/\/temps-lies.ch\/index.php?rest_route=\/wp\/v2\/pages\/100","targetHints":{"allow":["GET"]}}],"collection":[{"href":"https:\/\/temps-lies.ch\/index.php?rest_route=\/wp\/v2\/pages"}],"about":[{"href":"https:\/\/temps-lies.ch\/index.php?rest_route=\/wp\/v2\/types\/page"}],"author":[{"embeddable":true,"href":"https:\/\/temps-lies.ch\/index.php?rest_route=\/wp\/v2\/users\/2"}],"replies":[{"embeddable":true,"href":"https:\/\/temps-lies.ch\/index.php?rest_route=%2Fwp%2Fv2%2Fcomments&post=100"}],"version-history":[{"count":7,"href":"https:\/\/temps-lies.ch\/index.php?rest_route=\/wp\/v2\/pages\/100\/revisions"}],"predecessor-version":[{"id":449,"href":"https:\/\/temps-lies.ch\/index.php?rest_route=\/wp\/v2\/pages\/100\/revisions\/449"}],"wp:attachment":[{"href":"https:\/\/temps-lies.ch\/index.php?rest_route=%2Fwp%2Fv2%2Fmedia&parent=100"}],"curies":[{"name":"wp","href":"https:\/\/api.w.org\/{rel}","templated":true}]}}

Activités

<p><img loading="lazy" decoding="async" class="size-medium wp-image-443 aligncenter" src="http://temps-lies.ch/wp-content/uploads/2021/02/CR2-16-300x200.jpg" alt="" width="300" height="200" srcset="https://temps-lies.ch/wp-content/uploads/2021/02/CR2-16-300x200.jpg 300w, https://temps-lies.ch/wp-content/uploads/2021/02/CR2-16-768x513.jpg 768w, https://temps-lies.ch/wp-content/uploads/2021/02/CR2-16-1024x683.jpg 1024w, https://temps-lies.ch/wp-content/uploads/2021/02/CR2-16-449x300.jpg 449w, https://temps-lies.ch/wp-content/uploads/2021/02/CR2-16.jpg 1654w" sizes="auto, (max-width: 300px) 100vw, 300px" /></p>
<p style="text-align: center;"><span style="font-size: 14px;">Soutenir et aider les jeunes danseuses et danseurs en formation</span>.</p>
<p style="text-align: center;"><span style="font-size: 14px;">Soutenir la Compagnie Temps Liés, ballet-junior inédit dans le Jura réunissant les jeunes talents de l’Ecole de danse Inès Meury Bertaiola (EDIMB)</span>.</p>
<p style="text-align: center;"><span style="font-size: 14px;">Offrir aux danseurs et danseuses de la Compagnie Temps Liés la possibilité de se confronter à la scène durant leur formation par le biais de spectacles, concours, et autres manifestations.</span></p>
<p style="text-align: center;"><span style="font-size: 14px;">Soutenir la réalisation et la mise sur pied de spectacles créés par l’EDIMB.</span></p>
<p style="text-align: center;"><span style="font-size: 14px;">Favoriser, soutenir et organiser des manifestations et autres activités liées à la danse dans le Canton du Jura.</span></p>
<p style="text-align: center;"><span style="font-size: 14px;">Offrir chaque année des stages intensifs de danse classique, moderne et hip-hop.</span></p>
<p style="text-align: center;"><span style="font-size: 14px;">Proposer des cours de renforcement musculaire, de nutrition et de massage dans un souci de prévention et de promotion de la santé des danseurs</span>.</p>

<p>Soutenir et aider les jeunes danseuses et danseurs en formation. Soutenir la Compagnie Temps Liés, ballet-junior inédit dans le Jura réunissant les jeunes talents de l’Ecole de danse Inès Meury Bertaiola (EDIMB). Offrir aux danseurs et danseuses de la Compagnie &hellip; <a href="https://temps-lies.ch/?page_id=100">Continuer la lecture <span class="meta-nav">&rarr;</span></a></p>
